(w) = -26*w**2 - 173*w + 1054. What is b(6)?
-920
Let c(s) = -67*s - 1092. Calculate c(15).
-2097
Let a(l) = 604*l - 45729. Give a(79).
1987
Let d(r) = 38*r**2 + 712*r - 4896. What is d(7)?
1950
Let x(i) = -347*i + 588. What is x(-1)?
935
Let c(y) = -118*y - 7045. Determine c(-60).
35
Let r(u) = -368*u - 71025. Give r(-193).
-1
Let a(i) = -22*i**3 + 906*i**2 - 156*i - 331. Calculate a(41).
-3
Let i(s) = -s**3 - 6*s**2 - 421*s - 5241. Determine i(-11).
-5
Let l(m) = 7*m**2 + 993*m + 2883. Give l(-139).
103
Let y(b) = b**3 + 249*b**2 + 805*b + 16605. Calculate y(-246).
123
Let t(w) = -w**2 - 110*w + 226. Determine t(-114).
-230
Let c(d) = -d**3 - 44*d**2 - 604*d + 2246. Give c(3).
11
Let y(z) = -1597*z + 41544. Determine y(26).
22
Let w(k) = 3209*k - 9446. Calculate w(3).
181
Let z(m) = m**3 + 6*m**2 - 137*m - 966. Give z(-10).
4
Let k(p) = 48750*p + 18183733. Give k(-373).
-17
Let h(v) = -v**2 - 110221*v + 3307559. What is h(30)?
29
Let h(t) = 24*t**2 + 28*t - 222. Determine h(8).
1538
Let r(h) = -1449677*h + 11597409. Calculate r(8).
-7
Let f(s) = -979*s**2 - 2862*s + 4229. Give f(-4).
13
Let j(x) = x**2 + 779*x + 29359. What is j(-39)?
499
Let y(n) = 102870*n + 14401775. Calculate y(-140).
-25
Let g(z) = -18*z**2 + 3470*z + 6929. Determine g(-2).
-83
Let b(q) = 3*q**3 + 4*q**2 + 109*q - 372. Determine b(9).
3120
Let m(x) = -x**3 - 15*x**2 - 3*x - 505. Give m(-17).
124
Let u(j) = 120*j**2 + 3211*j - 803. Give u(-27).
-20
Let w(p) = 451*p - 47035. Give w(105).
320
Let q(d) = 9*d**2 + 7740*d - 166512. Determine q(-881).
-3
Let j(h) = -116*h - 2612. Determine j(-25).
288
Let m(p) = p**2 + 212*p + 4652. Calculate m(-25).
-23
Let f(g) = -213*g - 43243. Determine f(-203).
-4
Let w(z) = -6*z**2 + 406*z - 271. What is w(67)?
-3
Let v(s) = 17639*s - 53207. Give v(3).
-290
Let p(w) = -370*w + 54051. Determine p(146).
31
Let m(v) = 18999*v - 1652916. What is m(87)?
-3
Let b(q) = 101*q**2 + 10230*q + 10. Give b(0).
10
Let f(u) = -12*u**2 + 682*u - 5547. Give f(47).
-1
Let m(a) = -2390877*a - 33472266. Calculate m(-14).
12
Let s(w) = 93*w**3 - 43804*w**2 + 465*w + 2826. Give s(471).
0
Let k(n) = -19844*n + 39707. Give k(2).
19
Let n(x) = 151104*x - 4. Give n(0).
-4
Let z(o) = -6870*o - 96179. Calculate z(-14).
1
Let n(j) = -5*j**3 - 31*j**2 - 1032*j - 6149. Determine n(-6).
7
Let l(g) = -72*g**2 - 639*g - 488. Determine l(-8).
16
Let h(d) = 15*d**3 + 98*d**2 - 905*d - 1843. Calculate h(-11).
5
Let l(i) = -13*i**2 + 4550*i - 1. Determine l(350).
-1
Let x(c) = -223*c + 3722. Determine x(16).
154
Let l(s) = -11779*s - 47095. Determine l(-4).
21
Let l(r) = r**2 + 356*r + 25396. Calculate l(-89).
1633
Let w(q) = 377*q - 4022. What is w(7)?
-1383
Let q(t) = -4*t**2 - 57015*t + 798980. What is q(14)?
-14
Let p(o) = 2012*o - 4157. What is p(2)?
-133
Let x(q) = -q**2 + 69*q - 887. Determine x(28).
261
Let u(d) = -3*d**3 - 141*d**2 - 4*d - 152. Determine u(-47).
36
Let u(y) = 5467*y - 59910. Calculate u(11).
227
Let o(q) = -1116*q + 6214. What is o(6)?
-482
Let i(v) = -v**3 + 26*v**2 - 186*v + 4839. Give i(26).
3
Let o(y) = -y**3 + 59*y**2 - 212*y + 12497. What is o(59)?
-11
Let l(i) = -11*i - 1086. Give l(-49).
-547
Let s(l) = 2091113*l - 35548922. What is s(17)?
-1
Let m(a) = -654*a**2 + 4513*a + 475. What is m(7)?
20
Let x(d) = d**2 - 41006*d + 2988107. What is x(73)?
-2
Let t(u) = 17*u**2 + 2275*u - 166. Give t(-134).
236
Let d(p) = -p**3 + 227*p**2 - 3179*p - 107. Determine d(212).
105
Let x(a) = -a**3 - 10*a**2 - 75*a - 196. Give x(-5).
54
Let k(c) = -2*c**2 - 934*c + 12545. Calculate k(13).
65
Let u(z) = -87*z**3 - 866*z**2 + 32*z - 52. Determine u(-10).
28
Let i(p) = 75*p**2 + 9431*p - 2386. Determine i(-126).
8
Let w(u) = -u**3 + 149*u**2 - 13*u + 47559. Give w(151).
-6
Let w(g) = 69*g - 8284. Give w(119).
-73
Let t(r) = 527*r + 19627. What is t(-37)?
128
Let s(n) = 97*n**2 + 21068*n + 4266. Calculate s(-217).
143
Let g(v) = -7*v**2 - 1324*v - 21570. Calculate g(-18).
-6
Let s(y) = -1641*y + 12791. Calculate s(8).
-337
Let m(o) = -o**3 - 31*o**2 + 247*o + 7630. What is m(-31)?
-27
Let g(o) = -240*o + 76113. Determine g(317).
33
Let p(n) = n**3 + 28*n**2 + 147*n - 48. What is p(-20)?
212
Let p(j) = 3*j**2 - 172*j - 1705. Determine p(-11).
550
Let l(c) = -6*c**2 + 60*c + 3473. Give l(30).
-127
Let u(n) = 2589*n - 64570. Determine u(25).
155
Let x(s) = -2*s**2 + 43*s + 2771. Determine x(52).
-401
Let a(x) = -x**2 - 1164*x - 133223. Give a(-129).
292
Let o(i) = -16*i**3 - 11*i**2 - 40*i + 239. What is o(-5)?
2164
Let p(d) = -50*d**3 - 8008*d**2 - 1277*d + 236. Calculate p(-160).
-244
Let t(v) = 76*v**2 - 722*v - 349. Determine t(10).
31
Let l(f) = -f**3 + 59*f**2 + 991*f - 70046. Determine l(40).
-6
Let r(s) = -5791*s - 17. Calculate r(0).
-17
Let k(t) = t**3 - 41*t**2 + 25*t + 50. What is k(40)?
-550
Let q(b) = -24*b - 264. Calculate q(-6).
-120
Let j(h) = -h**3 - 15*h**2 - 47408*h - 521010. Calculate j(-11).
-6
Let h(y) = -3*y**3 + 892*y**2 + 567*y + 8400. Determine h(298).
-242
Let o(c) = 4*c**2 + 224*c + 4075. Give o(-26).
955
Let h(z) = -z**2 - 224*z - 2949. Calculate h(-17).
570
Let t(w) = 19*w**3 - 657*w**2 - 2465*w - 183. Determine t(38).
7
Let z(q) = -q**3 + 29*q**2 - 6640*q + 200100. What is z(30)?
0
Let h(f) = 13219*f - 4415262. Give h(334).
-116
Let g(o) = -o**3 - 2124*o**2 - 10612*o - 82. Give g(-5).
3
Let t(g) = 266*g - 30650. Determine t(111).
-1124
Let z(v) = 903*v - 3038. What is z(6)?
2380
Let n(z) = 2*z**3 - 57*z**2 + 54*z - 1058. What is n(28)?
-330
Let n(f) = 3*f**3 + 1608*f**2 + 69*f + 37027. Determine n(-536).
43
Let s(y) = -9*y**3 - 47*y**2 + 163*y + 962. Calculate s(-6).
236
Let m(x) = -4*x**3 - 2*x**2 + 136*x + 722. Determine m(-5).
492
Let a(x) = x**3 + 17*x**2 + 69*x - 5014. Give a(12).
-10
Let q(c) = 684*c**2 + 5458*c - 114. Determine q(-8).
-2
Let a(r) = -414*r - 289. What is a(-5)?
1781
Let f(l) = 13*l**3 + 10*l**2 - 345*l + 1252. Give f(4).
864
Let f(o) = 77*o**2 + 1623*o - 1709. What is f(1)?
-9
Let q(d) = -12*d**3 - 345*d**2 - 253*d + 64. Give q(-28).
92
Let x(r) = -r**3 + 9*r**2 - 21*r + 113. Determine x(13).
-836
Let p(i) = -2*i**3 - 11*i**2 + 2845*i + 25028. Determine p(-9).
-10
Let u(s) = 297*s**2 + 27530*s + 18952. Give u(-92).
0
Let l(w) = 1632*w + 2809. Give l(-2).
-455
Let i(c) = -140*c**2 - 13575*c + 506. Determine i(-97).
21
Let x(q) = 58*q + 8189. Calculate x(-145).
-221
Let z(i) = -i**2 + 424*i + 2014. Give z(-5).
-131
Let k(g) = -5*g**2 - 203*g + 1406. Determine k(7).
-260
Let d(c) = -2*c**2 + 412317*c + 1649292. Give d(-4).
-8
Let m(z) = -16303*z + 32556. Give m(2).
-50
Let i(b) = -31*b**2 - 1112*b - 77. Calculate i(-36).
-221
Let l(j) = j**3 + 16*j**2 - 120*j - 1907. What is l(-16)?
13
Let q(y) = -y**3 + 19*y**2 - 49*y + 501. Calculate q(19).
-430
Let t(w) = -32118*w**2 + 160584*w + 34. Calculate t(5).
4
Let b(i) = -11*i**3 + 4115*i**2 - 392*i + 6736. What is b(374)?
4
Let u(f) = 38*f**2 + 90*f - 209. What is u(6)?
1699
Let k(f) = f**2 + 1832*f - 459093. Calculate k(223).
-828
Let o(p) = -3*p**3 + 321*p**2 + 68*p - 7283. Determine o(107).
-7
Let u(w) = w**3 - 5*w**2 - 125*w + 944. Give u(10).
194
Let a(l) = 48508*l + 48513. Give a(-1).
5
Let r(h) = 16*h**3 - 626*h**2 + 230*h - 5933. Determine r(39).
-5
Let a(b) = 1018*b + 524260. Calculate a(-515).
-10
Let a(n) = 34339*n + 69109. Calculate a(-2).
431
Let k(g) = -2*g**3 - 35*g**2 - 36*g - 392. Give k(-17).
-69
Let y(p) = -11*p**2 - 405*p - 660. What is y(-24)?
2724
Let q(b) = 4*b**2 - 1646*b + 6528. Determine q(4).
8
Let i(y) = -144*y**3 - 48962*y**2 - 696*y - 5481. Determine i(-340).
-41
Let j(i) = -316*i**2 + 2032*i - 2119. Calculate j(5).
141
Let j(k) = 301532*k - 3. Give j(0).
-3
Let p(s) = -11*s**2 + 79*s - 67. Calculate p(5).
53
Let c(k) = 132*k**2 + 506*k - 23. Give c(-6).
1693
Let q(x) = -x**3 - 298*x**2 + 6305*x + 1113. Calculate q(20).
13
Let w(m) = -159725*m - 5909831. Give w(-37).
-6
Let f(a) = -239*a**2 - 1737*a + 3720. Give f(-9).
-6
Let d(w) = -80840*w + 242508. Give d(3).
-12
Let j(s) = 38*s**3 + 45*s**2 + 101*s - 250. Determine j(-4).
-2366
Let y(c) = 1468*c - 96118. Give y(65).
-698
Let z(m) = -2*m**3 - 168*m**2 + 686*m - 1592. Calculate z(-88).
-8
Let x(t) = t**3 - 61*t**2 - 581*t - 128. Determine x(-8).
104
Let j(g) = 5*g**2 - 43*g - 22343